 Let u be 1096/f - 10/35. Suppose 3*y + 3*p = 48 + u, 0 = 3*y + 2*p - 128. Calculate the remainder when y is divided by 24.
20
Let l = -13115 + 13206. What is the remainder when 428 is divided by l?
64
Suppose 88173 + 12644 = -76*n + 257*n. Calculate the remainder when n is divided by 147.
116
Let c = 11932 - 11919. Suppose 513 = -0*y + 3*y. Let w = y + -98. Calculate the remainder when w is divided by c.
8
Suppose 0 = -2*a - 5*r - 91 + 1083, -5*r = -20. Calculate the remainder when a is divided by 234.
18
Let c = 94005 + -93804. Suppose 4*f - 2*u - 3*u = 209, 3*f - 156 = 3*u. What is the remainder when c is divided by f?
48
Suppose p + q = 104, -374*p + 4*q - 306 = -377*p. Calculate the remainder when 527 is divided by p.
87
Let h(a) = -a**3 + 13*a**2 - 2*a - 257. Calculate the remainder when 210 is divided by h(9).
14
Suppose 2*a - 4*v = 118, 3*v - 64 = -2*a + a. Suppose -15*f + a*f = 322. What is the remainder when 9 is divided by f?
2
Suppose -18916 = 18*y - 22*y - 13*q, 5*q + 18988 = 4*y. Calculate the remainder when y is divided by 13.
10
Suppose 5*y + 21 - 46 = 0. Suppose -6*q + 2*q - y*m + 388 = 0, 2*q - 220 = 4*m. Suppose -5*v + q - 7 = 0. What is the remainder when 73 is divided by v?
16
Let c = 32090 - 26686. Calculate the remainder when c is divided by 106.
104
Let z = 8 + 1546. Suppose 0 = 7*s - 6 + 13. Calculate the remainder when 165 is divided by s/(-2) + z/28.
53
Suppose 0 = 3*t - 5*t. Suppose t*k - 3 = -3*k. Let d = 231 + k. What is the remainder when d is divided by 39?
37
Suppose 464*i - 562 = 460*i - 5*x, 3*i = 2*x + 387. Suppose 2*t - 3 - 65 = 0. What is the remainder when i is divided by t?
31
Suppose 2*g - 4*d - 2560 = -2*g, 2*d + 2564 = 4*g. Calculate the remainder when g is divided by 298.
46
Let z = 1125 - 1047. Suppose 0 = -5*c + 5*m - z + 323, 5*m = 20. Calculate the remainder when 579 is divided by c.
49
Suppose -8*u + 4*u = -81 - 339. Let h(j) = j**2 + j - 3. Suppose y + 1 = -5. Calculate the remainder when u is divided by h(y).
24
Let r = -49 + 84. Suppose -r = -4*j + 109. Calculate the remainder when 466 is divided by j.
34
Let b be (5/(-20))/((-1)/68). Suppose 4*c - 31 = b. Let m = -485 - -489. Calculate the remainder when c is divided by m.
0
Let m(u) = 3*u**2 - 137*u - 1459. Calculate the remainder when 109 is divided by m(-9).
7
Suppose -18*q = 8*q - 1586. Suppose 5*a = h - 27, 3*h + 5*a = q - 0. Calculate the remainder when 41 is divided by h.
19
Let u(s) = 3*s**3 + 10*s**2 + 18*s + 6. Let c(z) = 7*z**3 + 21*z**2 + 35*z + 13. Let x(g) = 4*c(g) - 9*u(g). What is the remainder when x(10) is divided by 10?
8
Suppose -4*t - 2*a + 338 = -0*t, 0 = -4*t + 3*a + 363. Suppose -158*r = -162*r - 760. Let u = r + 221. What is the remainder when t is divided by u?
25
Let o(d) = -d**3 + 17*d**2 - 16*d + 23. Calculate the remainder when o(14) is divided by 374.
13
Let a = 281 + -110. Let s = a - 148. What is the remainder when s is divided by 15?
8
Let m = -494 - -491. Calculate the remainder when 423 is divided by (-1)/(m*1/213).
68
Suppose -12*x + 15*x = -76*x + 419411. What is the remainder when x is divided by 113?
111
Suppose 205*x = 209*x - 180. Let g = -253 - -426. Calculate the remainder when g is divided by x.
38
Suppose -4*c = k - 65, 20*k = c + 16*k + 22. What is the remainder when 30349 is divided by c?
11
Let x = -174 + 925. Calculate the remainder when x is divided by 74.
11
Let p = 2766 - 2356. What is the remainder when p is divided by 193?
24
Let q(l) = 165*l - 18. Let y be q(-2). Suppose 5*h = -0*h + 565. Calculate the remainder when h is divided by 6/(-4)*(y/9)/2.
26
Suppose -10 = -3*u + 4*n, 12 = 2*u - 3*n + 4. Let q(z) = -14*z - 19. Calculate the remainder when q(u) is divided by 2.
1
Suppose 309 = 5*y - 258 - 1813. Calculate the remainder when y is divided by 132.
80
Let f(s) = 21*s**2 + 16*s - 186. Let n(m) = -4*m**2 - 3*m + 37. Let a(p) = -4*f(p) - 22*n(p). Calculate the remainder when a(6) is divided by 26.
8
Let z(t) = 791*t**2 + 10*t - 8. Let i(r) = -263*r**2 - 3*r + 2. Let b(p) = -7*i(p) - 2*z(p). What is the remainder when b(-1) is divided by 29?
28
Let n be (5*(-4)/10)/2. What is the remainder when 0 + (-2039)/(-6) - n/6 is divided by 38?
36
Suppose 7045 = 113*n - 52*n - 8205. What is the remainder when n is divided by 26?
16
Let p = 14 + 139. Suppose -3*z + 56*f - 171 = 77*f, -3*f = -4*z + 82. Calculate the remainder when p is divided by z.
10
Suppose -6*q + 11739 = 10239 - 13230. Calculate the remainder when q is divided by 27.
25
Suppose 20 = -t + 25. Calculate the remainder when -78*(((-385)/28)/11)/((-20)/(-24)) is divided by t.
2
Let r(h) = 8*h**3 - 13*h**2 + 21*h - 12. Suppose -1 + 0 = -4*a - 5*o, 5*a - 26 = 2*o. Calculate the remainder when r(a) is divided by 27.
25
Suppose -j = -4*n + 6*n - 19, -j - 3*n = -20. What is the remainder when 543 is divided by j?
16
Calculate the remainder when 1164 is divided by 69/(-29 - -18 - 372/(-33)).
152
Let u(y) = -2*y**2 - 43*y + 18. Calculate the remainder when u(-14) is divided by 218.
10
Suppose -f - 144 = 19*c - 23*c, c = -2*f + 36. What is the remainder when 14218 is divided by c?
34
Suppose 11*r + 23491 = 3*g + 10*r, -3*g - 2*r = -23470. Calculate the remainder when g is divided by 41.
38
Let o = 335 + -321. Let f(b) = -b**3 + 6*b**2 + 6*b + 6. Let x be f(7). What is the remainder when 139 is divided by (x*o)/((-28)/70)?
34
Let m = -1760 - -1819. What is the remainder when m is divided by 17?
8
Suppose -3*x + y + 3374 = 2*y, 2*y + 1120 = x. Calculate the remainder when x is divided by 374.
2
Let b be 8 - 1 - (-2184)/(-42). Let h = -29 - b. Calculate the remainder when 20/6*24 + -1 is divided by h.
15
Suppose 44 = -160*d + 161*d + 3*j, -3*d - 2*j = -160. Calculate the remainder when 1142 is divided by d.
22
Let t(q) = 9*q**3 + 2*q**2 + 4*q + 2. Let j be t(-2). Let d = j - -98. Suppose -2*i + d = -112. Calculate the remainder when i is divided by 15.
10
What is the remainder when 390 is divided by (16944/12)/((-108)/(-24) + (-2)/4)?
37
Let w = 29 + -20. Suppose -4*h = 2*p - 642 - 440, 0 = -p + 2*h + 557. Suppose 13*b + 120 = p. What is the remainder when b is divided by w?
6
Let r be (-4)/14 - (-94)/(-14). Let u = 21 + r. Suppose -u*p + 10*p + 56 = 0. What is the remainder when 68 is divided by p?
12
Let p = 7228 - 6618. Calculate the remainder when p is divided by 105.
85
Let b(m) = m**3 - 4*m**2 - 5*m + 17. Let l be b(5). Let y = -17 + l. Suppose 4*s = y, 6*w - 5*w - 2*s - 21 = 0. Calculate the remainder when 81 is divided by w.
18
Let v = -207 - -248. Let q = 29 + -29. Suppose -5*i - i + 480 = q. Calculate the remainder when i is divided by v.
39
Let t = -85 + 87. Suppose 2*u + 223 = 3*w - 47, -t*w + 188 = -4*u. Calculate the remainder when w is divided by 13.
10
Let d(s) = -s**2 - 15*s - 12. Suppose 3*o + 99 = -6*o. Calculate the remainder when d(o) is divided by 5.
2
Let u(m) = 5*m - 1. What is the remainder when 7498/69 + (-8)/(-12)*(-13)/(-26) is divided by u(3)?
11
Suppose -47*r + 130 + 95 = -38*r. Calculate the remainder when 95 is divided by r.
20
Suppose 9*t - 714 + 624 = 0. What is the remainder when 426 is divided by t?
6
Let j be -1 + 2804/18 + (-8)/(-36). Let a = j - 85. What is the remainder when a is divided by 36?
34
Let w(h) = -h + 108. Let f(b) = -b**3 - 2*b**2 - 139*b - 545. What is the remainder when w(0) is divided by f(-4)?
22
Let b(c) = 21*c**2 - 10*c + 26. Calculate the remainder when b(4) is divided by 92.
46
Suppose 126 = 10*h - 4*h. Suppose -h*x + 961 = -362. What is the remainder when 310 is divided by x?
58
Suppose u - 6 - 34 = 0. Suppose u = o - 5*q, -6*q + q - 10 = 0. Calculate the remainder when (-9)/((-54)/o)*(1 - -4) is divided by 9.
7
Let c(q) = -27*q - 176. Let l be c(-7). Suppose -21*m = -l*m - 3560. What is the remainder when m is divided by 8?
5
Suppose -160*a - 185 = -163*a + 5*w, -25 = -5*w. What is the remainder when 15/(-2)*(-920)/25 is divided by a?
66
Let w = 45749 - 45729. Let d = -2 + 26. Calculate the remainder when d is divided by w.
4
Let s(g) = -g**2 + 139*g + 371. Suppose -3*y - 2*y + 220 = 0. Calculate the remainder when s(141) is divided by y.
1
Let g(y) = -3*y**2 + 15*y + 33. Let a(t) = 7*t**2 - 31*t - 66. Let z(k) = -2*a(k) - 5*g(k). Calculate the remainder when z(17) is divided b